{"id":77,"date":"2014-11-21T04:51:49","date_gmt":"2014-11-21T04:51:49","guid":{"rendered":"http:\/\/localhost\/wordpress-4.0.1\/wordpress\/?page_id=2"},"modified":"2021-05-18T10:46:29","modified_gmt":"2021-05-18T10:46:29","slug":"sample-page","status":"publish","type":"page","link":"http:\/\/gruw.de\/","title":{"rendered":"Willkommen"},"content":{"rendered":"<p>Herzlich willkommen bei der GRUW Vorrichtungsbau &amp; Entwicklungstechnik GmbH.<\/p>\n<p>F\u00fcr die manuelle oder automatische Bearbeitung ihrer Werkst\u00fccke sind individuell entwickelte Vorrichtungen\u00a0unerl\u00e4sslich. Wir gestalten Ihren optimalen\u00a0Produktionsablauf, fertigen Prototypen\u00a0und unterst\u00fctzen Sie bei Ihrer\u00a0Neuentwicklung.<br \/>\nWir\u00a0bieten ein breites Spektrum an L\u00f6sungen zum Fixieren, Positionieren,\u00a0Drehen, Kippen und Bearbeiten.<br \/>\nWir\u00a0\u00fcberarbeiten auch\u00a0vorhandene Vorrichtungen\u00a0auf\u00a0individuell angepasste Bed\u00fcrfnisse und k\u00f6nnen auch\u00a0Zeichnungsteile flexibel in Lohnfertigung anbieten.<\/p>\n<p>Wir verf\u00fcgen \u00fcber eine leistungsstarke 3D CAD Plattform. Somit k\u00f6nnen wir Sie vollst\u00e4ndig von der Konstruktion bis zum fertigen Bauteil unterst\u00fctzen. Dies spart\u00a0Zeit, Geld und Nerven.<\/p>\n","protected":false},"excerpt":{"rendered":"<p>Herzlich willkommen bei der GRUW Vorrichtungsbau &amp; Entwicklungstechnik GmbH. F\u00fcr die manuelle oder automatische Bearbeitung ihrer Werkst\u00fccke sind individuell entwickelte Vorrichtungen\u00a0unerl\u00e4sslich. Wir gestalten Ihren optimalen\u00a0Produktionsablauf, fertigen Prototypen\u00a0und unterst\u00fctzen Sie bei Ihrer\u00a0Neuentwicklung. Wir\u00a0bieten ein breites Spektrum an L\u00f6sungen zum Fixieren, Positionieren,\u00a0Drehen, Kippen und Bearbeiten. Wir\u00a0\u00fcberarbeiten auch\u00a0vorhandene Vorrichtungen\u00a0auf\u00a0individuell angepasste Bed\u00fcrfnisse und k\u00f6nnen auch\u00a0Zeichnungsteile flexibel in Lohnfertigung anbieten.&hellip; <\/p>\n<p class=\"toivo-read-more\"><a href=\"http:\/\/gruw.de\/\" class=\"more-link\">Read more <span class=\"screen-reader-text\">Willkommen<\/span><\/a><\/p>\n","protected":false},"author":2,"featured_media":0,"parent":0,"menu_order":1,"comment_status":"closed","ping_status":"closed","template":"","meta":[],"_links":{"self":[{"href":"http:\/\/gruw.de\/index.php?rest_route=\/wp\/v2\/pages\/77"}],"collection":[{"href":"http:\/\/gruw.de\/index.php?rest_route=\/wp\/v2\/pages"}],"about":[{"href":"http:\/\/gruw.de\/index.php?rest_route=\/wp\/v2\/types\/page"}],"author":[{"embeddable":true,"href":"http:\/\/gruw.de\/index.php?rest_route=\/wp\/v2\/users\/2"}],"replies":[{"embeddable":true,"href":"http:\/\/gruw.de\/index.php?rest_route=%2Fwp%2Fv2%2Fcomments&post=77"}],"version-history":[{"count":1,"href":"http:\/\/gruw.de\/index.php?rest_route=\/wp\/v2\/pages\/77\/revisions"}],"predecessor-version":[{"id":188,"href":"http:\/\/gruw.de\/index.php?rest_route=\/wp\/v2\/pages\/77\/revisions\/188"}],"wp:attachment":[{"href":"http:\/\/gruw.de\/index.php?rest_route=%2Fwp%2Fv2%2Fmedia&parent=77"}],"curies":[{"name":"wp","href":"https:\/\/api.w.org\/{rel}","templated":true}]}}